
17
Calculate the greatest common divisor of 6 and 9492414.
6
What is the highest common factor of 78006778 and 1186?
1186
Calculate the greatest common factor of 78518 and 4128.
86
Calculate the greatest common factor of 18 and 1293939432.
18
Calculate the highest common divisor of 22800 and 618108.
228
What is the highest common divisor of 12614 and 86513?
119
Calculate the greatest common factor of 5860050 and 28350.
1050
Calculate the greatest common divisor of 127 and 19440779.
127
What is the greatest common factor of 1235 and 1251549?
247
Calculate the highest common factor of 1312 and 14948.
4
Calculate the highest common factor of 142088332 and 376.
188
What is the greatest common factor of 12 and 38352372?
12
Calculate the greatest common divisor of 121368 and 54158.
26
Calculate the highest common divisor of 58212105 and 105.
105
Calculate the greatest common divisor of 15135544 and 94856.
1336
What is the highest common divisor of 212613 and 446325?
1623
What is the greatest common factor of 27274 and 4818?
2
Calculate the highest common divisor of 778801 and 68364.
211
Calculate the highest common factor of 58406624 and 24.
8
What is the greatest common factor of 1726040 and 1300?
20
Calculate the highest common factor of 40 and 13498110.
10
Calculate the highest common factor of 105076671 and 42.
21
Calculate the highest common factor of 93342177 and 18.
9
Calculate the highest common divisor of 365 and 5910.
5
What is the highest common factor of 17598811 and 543?
181
Calculate the highest common divisor of 44276717 and 97.
97
What is the greatest common divisor of 2612973 and 4587?
33
What is the highest common factor of 120 and 44544320?
40
Calculate the greatest common factor of 185 and 325145.
5
What is the greatest common divisor of 11739 and 5351307?
1677
What is the greatest common divisor of 2772 and 35975709?
693
Calculate the greatest common factor of 141449 and 413325.
1837
What is the highest common divisor of 16556370 and 7236?
402
What is the highest common factor of 143 and 434291?
143
Calculate the highest common divisor of 6138 and 402154940.
682
Calculate the highest common divisor of 27821460 and 266640.
6060
What is the highest common factor of 19230 and 134560?
10
What is the highest common divisor of 178737 and 7839?
39
What is the highest common divisor of 24614127 and 261?
261
Calculate the highest common factor of 18904925 and 1325.
25
What is the greatest common factor of 3654 and 60438?
42
Calculate the greatest common divisor of 1785300 and 1518.
66
What is the greatest common factor of 8936675 and 440?
55
Calculate the highest common factor of 17105 and 128315.
55
What is the highest common divisor of 10086 and 514?
2
Calculate the highest common factor of 617850 and 3555.
45
What is the greatest common factor of 5459 and 305742213?
5459
What is the greatest common factor of 26134 and 19294768?
358
What is the greatest common divisor of 43616 and 3488?
32
Calculate the greatest common divisor of 145824 and 289632.
672
What is the highest common factor of 1995966 and 1176?
294
Calculate the greatest common factor of 124727892 and 6.
6
What is the highest common divisor of 655918 and 4?
2
Calculate the greatest common factor of 44 and 880571098.
22
Calculate the greatest common divisor of 20 and 8241608.
4
What is the highest common divisor of 3386819 and 1564?
23
What is the highest common divisor of 8880 and 70856295?
555
What is the highest common divisor of 114192 and 186768?
144
Calculate the highest common factor of 17730 and 75486066.
1182
Calculate the greatest common factor of 368 and 757097164.
92
Calculate the greatest common factor of 6383 and 7079729.
491
Calculate the highest common factor of 144 and 13111488.
144
Calculate the greatest common divisor of 8144724 and 9729.
141
What is the highest common divisor of 24064480 and 31075?
6215
What is the highest common factor of 2302 and 23845267?
1151
Calculate the greatest common factor of 8841765 and 885.
15
Calculate the greatest common divisor of 1136 and 139218220.
284
What is the greatest common factor of 12031290 and 495?
45
Calculate the greatest common divisor of 16212 and 12930228.
2316
Calculate the highest common divisor of 91308180 and 420.
60
Calculate the greatest common factor of 653780392 and 8.
8
What is the highest common factor of 2223 and 47761839?
171
What is the highest common divisor of 7718 and 5867210?
34
What is the highest common factor of 139816550 and 167834?
5414
What is the greatest common divisor of 3408101 and 4103?
373
What is the highest common factor of 821465 and 4085?
95
Calculate the highest common factor of 33026503 and 1501.
1501
What is the highest common divisor of 882 and 220947174?
882
Calculate the greatest common factor of 50256 and 193392.
144
What is the greatest common divisor of 24 and 20305256?
8
What is the greatest common factor of 946 and 18772424?
946
Calculate the greatest common divisor of 20956 and 352873.
31
What is the highest common factor of 117249 and 68846481?
10659
What is the greatest common divisor of 469 and 12481899?
67
What is the greatest common factor of 1904 and 9736832?
112
Calculate the highest common factor of 1561 and 50374808.
223
What is the highest common factor of 26781 and 38631?
237
Calculate the highest common factor of 41491022 and 16.
2
Calculate the greatest common factor of 5562 and 29687072.
206
Calculate the highest common divisor of 288 and 54183456.
288
Calculate the highest common factor of 101550124 and 52.
52
What is the highest common factor of 6597243 and 2488?
311
Calculate the highest common divisor of 81270 and 7623.
63
Calculate the greatest common factor of 271 and 36908303.
271
Calculate the greatest common divisor of 921888146 and 16494.
5498
Calculate the highest common divisor of 334828 and 132728.
188
What is the highest common divisor of 17082 and 540711?
657
Calculate the highest common divisor of 171969 and 827520.
1293
Calculate the highest common factor of 18275561 and 8566.
4283
What is the highest common factor of 2315 and 193323335?
2315
What is the highest common factor of 217903 and 6370?
49
Calculate the highest common divisor of 390237042 and 78.
78
Calculate the greatest common divisor of 259042172 and 26140.
5228
Calculate the highest common divisor of 3564 and 36080352.
396
Calculate the highest common factor of 726 and 399927.
33
Calculate the highest common factor of 156925573 and 2829.
943
Calculate the highest common factor of 71286 and 72462.
6
Calculate the highest common divisor of 942834 and 8457978.
6882
Calculate the highest common factor of 969 and 70500343.
17
What is the highest common factor of 10820 and 16816985?
2705
What is the highest common divisor of 438246 and 25026?
582
What is the highest common factor of 6664 and 8456?
56
Calculate the greatest common divisor of 529 and 2074669.
23
What is the highest common factor of 3132641 and 1292?
17
What is the greatest common factor of 69297354 and 70?
14
Calculate the greatest common factor of 6390145 and 5.
5
What is the greatest common divisor of 7144874 and 616?
22
Calculate the highest common factor of 814328539 and 172.
43
What is the highest common factor of 52 and 80909140?
52
Calculate the highest common divisor of 62610120 and 1080.
360
What is the greatest common factor of 92555 and 8667?
107
What is the greatest common divisor of 12562904 and 152?
8
Calculate the highest common factor of 2547600 and 27120.
240
Calculate the highest common factor of 156 and 941943496.
52
Calculate the greatest common factor of 46699 and 39811.
41
What is the highest common divisor of 2972 and 250676?
4
Calculate the highest common factor of 16318 and 12624958.
398
What is the highest common factor of 25968 and 9898677?
1623
Calculate the greatest common factor of 2980202 and 1173.
391
What is the highest common divisor of 424362900 and 5850?
1950
What is the greatest common divisor of 264 and 5817372?
132
Calculate the highest common divisor of 862352 and 1648.
16
What is the highest common divisor of 15727020 and 244?
244
What is the greatest common divisor of 11506921 and 217?
31
Calculate the highest common factor of 544 and 18738777.
17
Calculate the hig